 prime factors of 530933.
13, 40841
What are the prime factors of 1437006?
2, 3, 37, 6473
List the prime factors of 4151217.
3, 7, 197677
What are the prime factors of 64810?
2, 5, 6481
List the prime factors of 136732.
2, 34183
What are the prime factors of 1802390?
2, 5, 180239
List the prime factors of 175547.
349, 503
List the prime factors of 1395944.
2, 11, 29, 547
What are the prime factors of 390861?
3, 137, 317
List the prime factors of 391314.
2, 3, 7, 11
List the prime factors of 1976226.
2, 3, 7, 211, 223
List the prime factors of 216353.
19, 59, 193
What are the prime factors of 381651?
3, 127217
What are the prime factors of 586030?
2, 5, 58603
What are the prime factors of 281852?
2, 31, 2273
List the prime factors of 20901402.
2, 3, 29, 1483
What are the prime factors of 626554?
2, 523, 599
What are the prime factors of 568839?
3, 189613
List the prime factors of 4693888.
2, 36671
What are the prime factors of 1583708?
2, 7, 163, 347
What are the prime factors of 1232203?
7, 25147
What are the prime factors of 382402?
2, 263, 727
What are the prime factors of 14228723?
67, 212369
What are the prime factors of 14627924?
2, 3656981
List the prime factors of 915238.
2, 443, 1033
List the prime factors of 172505.
5, 34501
What are the prime factors of 2653318?
2, 1326659
List the prime factors of 818568.
2, 3, 11369
What are the prime factors of 25013051?
7, 29, 123217
What are the prime factors of 3429223?
7, 17, 28817
List the prime factors of 4222927.
4222927
What are the prime factors of 1240583?
71, 101, 173
List the prime factors of 33220336.
2, 2076271
List the prime factors of 1947052.
2, 677, 719
List the prime factors of 395789.
19, 37, 563
What are the prime factors of 396535?
5, 71, 1117
What are the prime factors of 1500518?
2, 29, 41, 631
What are the prime factors of 1177009?
1177009
List the prime factors of 13493024.
2, 421657
What are the prime factors of 5238296?
2, 7, 23, 83
What are the prime factors of 412234?
2, 53, 3889
List the prime factors of 79610.
2, 5, 19, 419
List the prime factors of 224680.
2, 5, 41, 137
What are the prime factors of 553518?
2, 3, 7, 23, 191
What are the prime factors of 355932?
2, 3, 9887
What are the prime factors of 2988507?
3, 996169
What are the prime factors of 3375264?
2, 3, 35159
List the prime factors of 116286.
2, 3, 19381
List the prime factors of 17266788.
2, 3, 7, 11, 6229
What are the prime factors of 4701198?
2, 3, 783533
What are the prime factors of 2790307?
13, 214639
What are the prime factors of 266470?
2, 5, 26647
What are the prime factors of 6795640?
2, 5, 169891
List the prime factors of 3567673.
3567673
List the prime factors of 18052023.
3, 11, 293, 1867
What are the prime factors of 182789?
182789
What are the prime factors of 4899365?
5, 979873
List the prime factors of 14768035.
5, 19, 155453
What are the prime factors of 29866235?
5, 7, 139, 877
List the prime factors of 538317.
3, 13, 43, 107
List the prime factors of 768153.
3, 107, 2393
List the prime factors of 32959917.
3, 3662213
List the prime factors of 18217214.
2, 9108607
What are the prime factors of 2105385?
3, 5, 97, 1447
What are the prime factors of 10805958?
2, 3, 47, 53, 241
List the prime factors of 10169634.
2, 3, 23, 73693
What are the prime factors of 3221458?
2, 31, 223, 233
List the prime factors of 548342.
2, 274171
List the prime factors of 51275.
5, 7, 293
List the prime factors of 429918.
2, 3, 79, 907
List the prime factors of 333671.
13, 25667
What are the prime factors of 2221821?
3, 7, 35267
List the prime factors of 1492778.
2, 7, 106627
What are the prime factors of 458784?
2, 3, 59
List the prime factors of 15269607.
3, 601, 941
What are the prime factors of 295870?
2, 5, 29587
What are the prime factors of 223737?
3, 17, 41, 107
What are the prime factors of 89136?
2, 3, 619
List the prime factors of 6418716.
2, 3, 107, 4999
What are the prime factors of 142747?
11, 19, 683
What are the prime factors of 565219?
97, 5827
List the prime factors of 411375.
3, 5, 1097
List the prime factors of 8601220.
2, 5, 430061
What are the prime factors of 88361?
7, 13, 971
List the prime factors of 79492.
2, 7, 17, 167
What are the prime factors of 213631?
11, 19421
List the prime factors of 20898034.
2, 523, 19979
List the prime factors of 5840713.
5840713
List the prime factors of 12881156.
2, 3220289
What are the prime factors of 3527345?
5, 397, 1777
List the prime factors of 170421.
3, 56807
What are the prime factors of 12263400?
2, 3, 5, 757
What are the prime factors of 2914914?
2, 3, 485819
List the prime factors of 870855.
3, 5, 58057
List the prime factors of 91083.
3, 97, 313
What are the prime factors of 1579142?
2, 789571
What are the prime factors of 8643663?
3, 7, 137201
What are the prime factors of 2129344?
2, 7, 97
What are the prime factors of 382193?
7, 71, 769
List the prime factors of 16149.
3, 7, 769
List the prime factors of 407757.
3, 7, 19417
List the prime factors of 1577469.
3, 191, 2753
What are the prime factors of 7747793?
61, 157, 809
What are the prime factors of 1569159?
3, 89, 653
What are the prime factors of 15632136?
2, 3, 13, 19, 293
What are the prime factors of 42752?
2, 167
What are the prime factors of 714150?
2, 3, 5, 23
What are the prime factors of 2566054?
2, 1283027
List the prime factors of 1433270.
2, 5, 17, 8431
List the prime factors of 71095.
5, 59, 241
List the prime factors of 659315.
5, 29, 4547
What are the prime factors of 176899?
176899
List the prime factors of 627408.
2, 3, 4357
What are the prime factors of 20086643?
4441, 4523
List the prime factors of 2026698.
2, 3, 149, 2267
What are the prime factors of 4323151?
7, 17, 2137
List the prime factors of 2683722.
2, 3, 17, 83, 317
What are the prime factors of 1570543?
13, 120811
List the prime factors of 2970353.
47, 63199
List the prime factors of 1180733.
1180733
List the prime factors of 3913999.
317, 12347
What are the prime factors of 100998?
2, 3, 31, 181
List the prime factors of 79329.
3, 31, 853
List the prime factors of 36523022.
2, 31, 97, 6073
List the prime factors of 2147612.
2, 137, 3919
List the prime factors of 1330900.
2, 5, 13309
What are the prime factors of 1308455?
5, 101, 2591
List the prime factors of 4171718.
2, 1321, 1579
List the prime factors of 67460.
2, 5, 3373
What are the prime factors of 278788?
2, 69697
What are the prime factors of 256739?
7, 36677
List the prime factors of 2858740.
2, 5, 19, 7523
What are the prime factors of 467768?
2, 7, 8353
List the prime factors of 38854.
2, 19427
List the prime factors of 7518435.
3, 5, 501229
What are the prime factors of 245945?
5, 7, 7027
What are the prime factors of 462396?
2, 3, 11, 31, 113
List the prime factors of 1119897.
3, 124433
List the prime factors of 3356659.
163, 20593
List the prime factors of 14.
2, 7
List the prime factors of 2190353.
11, 173, 1151
What are the prime factors of 1244894?
2, 7, 12703
List the prime factors of 1314557.
227, 5791
What are the prime factors of 15954272?
2, 23, 53, 409
List the prime factors of 27072399.
3, 29, 311177
List the prime factors of 1263359.
1033, 1223
What are the prime factors of 1437857?
37, 38861
List the prime factors of 50911.
7, 1039
What are the prime factors of 543086?
2, 37, 41, 179
List the prime factors of 7896185.
5, 11, 143567
What are the prime factors of 323091?
3, 35899
What are the prime factors of 17756060?
2, 5, 7, 53, 2393
What are the prime factors of 273408?
2, 3, 89
What are the prime factors of 523616?
2, 16363
What are the prime factors of 2056302?
2, 3, 71, 1609
What are the prime factors of 267069?
3, 11, 8093
List the prime factors of 232449.
3, 7, 11069
List the prime factors of 241312.
2, 7541
What are the prime factors of 15433?
11, 23, 61
What are the prime factors of 344277?
3, 41, 311
List the prime factors of 112437.
3, 13, 31
What are the prime factors of 7155300?
2, 3, 5, 17, 23, 61
List the prime factors of 435058.
2, 13, 29, 577
What are the prime factors of 211794?
2, 3, 11, 3209
What are the prime factors of 3061762?
2, 11, 29, 4799
What are the prime factors of 900828?
2, 3, 19, 439
List the prime factors of 3126770.
2, 5, 312677
What are the prime factors of 3798163?
67, 83, 683
List the pri